e of 1964?
True
Is 78327835 a multiple of 5?
True
Is 13 a factor of 2114323637?
False
Is 571 a factor of 388508213?
False
Is 811 a factor of 81969233?
False
Is 40001429 a multiple of 22?
False
Is 3524 a factor of 13859892?
True
Does 453 divide 38409870?
True
Is 32994961 a multiple of 473?
False
Does 22 divide 4697590991?
False
Is 624427720 a multiple of 3255?
False
Is 7 a factor of 843727129?
True
Is 654 a factor of 126692880?
True
Is 974302672 a multiple of 7448?
True
Is 1275920101 a multiple of 224?
False
Is 4073 a factor of 766966265?
True
Is 2041 a factor of 5800528765?
False
Is 903 a factor of 4976433?
True
Is 153 a factor of 3496815?
True
Does 29 divide 34565182?
False
Does 121 divide 1453630710?
False
Is 42 a factor of 59854200?
True
Is 21883580 a multiple of 113?
True
Is 11906692 a multiple of 283?
False
Is 183823992 a multiple of 333?
True
Is 236152524 a multiple of 453?
True
Is 472 a factor of 1086761592?
True
Does 1184 divide 56550208?
True
Does 16 divide 255486495?
False
Is 399212752 a multiple of 16?
True
Does 1127 divide 394534525?
True
Is 112348228 a multiple of 380?
False
Does 1249 divide 1210633955?
False
Does 1822 divide 3070764182?
True
Does 12 divide 183526680?
True
Is 14 a factor of 4249420?
True
Is 2009394862 a multiple of 158?
True
Is 11 a factor of 26923296?
False
Is 133 a factor of 49429317?
True
Does 335 divide 5443750?
True
Is 621606096 a multiple of 16?
True
Does 706 divide 1723648168?
True
Is 76 a factor of 98318532?
False
Is 1649 a factor of 1485891696?
False
Is 915 a factor of 65058330?
True
Is 11090423 a multiple of 19?
False
Does 2313 divide 7723107?
True
Is 185 a factor of 21788930?
True
Is 14 a factor of 348667074?
True
Is 1192 a factor of 250181728?
True
Is 5998 a factor of 557274180?
True
Does 453 divide 49187646?
True
Does 911 divide 5823037298?
True
Is 552 a factor of 51851874?
False
Does 31 divide 73672083?
False
Is 798 a factor of 5105374974?
True
Is 13 a factor of 38992318?
False
Is 1270420552 a multiple of 4?
True
Is 36 a factor of 31395182?
False
Is 156 a factor of 50731824?
True
Does 171 divide 38706989?
False
Is 225 a factor of 256176675?
True
Is 3532604571 a multiple of 86?
False
Is 25 a factor of 4457245?
False
Does 468 divide 14329692?
True
Does 705 divide 310727698?
False
Is 4 a factor of 2378088?
True
Is 70398240 a multiple of 176?
True
Is 99 a factor of 15953045?
False
Is 29 a factor of 298474465?
False
Is 8 a factor of 606431882?
False
Is 262 a factor of 417500406?
True
Does 2226 divide 432183699?
False
Is 134818125 a multiple of 39?
True
Does 1205 divide 535686724?
False
Is 2294 a factor of 70409742?
True
Does 57 divide 66091042?
False
Is 2125 a factor of 81134625?
True
Is 342051710 a multiple of 5?
True
Is 212297368 a multiple of 70?
False
Is 38 a factor of 686599837?
False
Is 477411 a multiple of 2?
False
Is 8448 a factor of 7299072?
True
Does 2815 divide 2385706511?
False
Does 1949 divide 23571206?
True
Does 6 divide 1895734770?
True
Is 467 a factor of 33829253?
False
Does 1011 divide 4123528598?
False
Does 67 divide 7263645?
False
Is 51744816 a multiple of 804?
False
Is 2673552341 a multiple of 332?
False
Is 3066044 a multiple of 90?
False
Is 8 a factor of 2892521992?
True
Is 244 a factor of 45040410?
False
Is 3026 a factor of 25146060?
True
Does 259 divide 21128961?
True
Is 34771800 a multiple of 1428?
True
Is 15545668 a multiple of 4?
True
Does 114 divide 21524276?
False
Does 179 divide 55700504?
True
Does 16 divide 855427242?
False
Is 4 a factor of 872512?
True
Does 183 divide 33041565?
True
Is 265 a factor of 2002288904?
False
Is 76 a factor of 1045625?
False
Does 1105 divide 1230288215?
True
Is 2827011 a multiple of 110?
False
Does 6498 divide 669073068?
True
Does 8 divide 14262712?
True
Is 1726 a factor of 69965136?
True
Does 43 divide 2583420417?
False
Is 76 a factor of 4468807?
False
Is 65 a factor of 100121515?
True
Does 5 divide 45615910?
True
Is 293790784 a multiple of 332?
True
Is 314 a factor of 65833998?
False
Does 136 divide 62892112?
True
Is 37 a factor of 1149880894?
True
Is 2 a factor of 65654285?
False
Does 15 divide 34561995?
True
Is 195663615 a multiple of 133?
True
Does 114 divide 50901282?
False
Is 3047 a factor of 61631669?
True
Is 454478 even?
True
Is 78 a factor of 32188123?
False
Is 8 a factor of 770890547?
False
Is 48 a factor of 135315205?
False
Does 25 divide 79939773?
False
Is 856 a factor of 15267674?
False
Is 52 a factor of 10026692?
True
Does 1318 divide 127111874?
True
Is 77004634 a multiple of 14?
True
Is 96979740 a multiple of 1430?
True
Is 92305712 a multiple of 3285?
False
Is 735744360 a multiple of 136?
True
Does 5260 divide 1484077937?
False
Is 3667422059 a multiple of 65?
False
Is 2601 a factor of 2607913458?
True
Does 10 divide 854705010?
True
Does 33 divide 180180?
True
Is 2775 a factor of 37484700?
True
Is 9959250 a multiple of 15?
True
Does 30 divide 196292343?
False
Is 13220097 a multiple of 237?
True
Is 53035820 a multiple of 4?
True
Is 44 a factor of 126111216?
True
Is 11895164 a multiple of 5?
False
Does 71 divide 360342253?
True
Is 68 a factor of 279653066?
False
Does 49 divide 14002382?
False
Is 25 a factor of 47324825?
True
Is 1854009 a multiple of 423?
True
Is 24 a factor of 675243480?
True
Is 342718830 a multiple of 235?
True
Does 57 divide 478914171?
True
Is 84130447 a multiple of 319?
False
Is 488 a factor of 32438824?
True
Is 1405663125 a multiple of 41?
False
Is 1169 a factor of 23582785?
False
Is 4 a factor of 65246995?
False
Is 8196198 a multiple of 181?
False
Is 18 a factor of 2556848988?
True
Does 85 divide 99544?
False
Is 1391 a factor of 707151425?
False
Is 41368952 a multiple of 16?
False
Does 915 divide 16720374?
False
Does 43 divide 31883855?
True
Does 237 divide 784949214?
True
Is 209760684 a multiple of 114?
True
Is 3010 a factor of 533627850?
True
Is 155 a factor of 316911450?
True
Does 22 divide 5630491?
False
Is 257357173 a multiple of 13?
False
Does 23 divide 3132646?
True
Is 296 a factor of 9221376?
False
Is 26 a factor of 48459275?
False
Does 3 divide 534993597?
True
Is 105079055 a multiple of 4?
False
Is 37 a factor of 59771391?
True
Is 1757 a factor of 197972002?
False
Is 126 a factor of 4611418?
False
Is 47 a factor of 1255762505?
False
Is 18 a factor of 752150826?
True
Does 67 divide 144874703?
True
Is 103533925 a multiple of 575?
True
Is 5656601 a multiple of 1121?
False
Does 8 divide 174332476?
False
Does 23 divide 5624098?
True
Is 1129 a factor of 717210991?
False
Is 167 a factor of 27113619?
True
Is 69936202 a multiple of 917?
False
Is 103 a factor of 2085891110?
True
Is 1122 a factor of 967868616?
True
Does 4725 divide 874155527?
False
Does 169 divide 1238461546?
False
Does 17 divide 471485157?
True
Does 2898 divide 3345627978?
True
Does 25 divide 128717425?
True
Does 237 divide 7901106?
True
Is 766 a factor of 17207424?
True
Is 853 a factor of 321792544?
True
Does 3160 divide 887662960?
True
Is 223594986 a multiple of 1074?
True
Is 81 a factor of 676014984?
True
Is 1044715423 a multiple of 22?
False
Is 2975813 a multiple of 47?
False
Does 907 divide 80530716?
True
Does 4 divide 232790192?
True
Does 30 divide 275792190?
True
Does 30 divide 457084470?
True
Is 11 a factor of 45727659?
False
Is 3 a factor of 556259321?
False
Is 4584384 a multiple of 72?
True
Is 1629 a factor of 691394883?
False
Is 40 a factor of 1274480?
True
Does 507 divide 3960845?
False
Does 771 divide 14908056?
True
Does 8 divide 18805635?
False
Does 22 divide 51150074?
False
Is 29 a factor of 252407271?
True
Is 40 a factor of 115083587?
False
Is 21739848 a multiple of 8?
True
Does 81 divide 898831647?
True
Does 443 divide 842545244?
True
Does 91 divide 300321567?
True
Is 179 a factor of 5002513?
True
Does 9976 divide 268312190?
False
Does 17 divide 8818750?
True
Does 13 divide 19087161?
False
Is 330 a factor of 920234591?
False
Does 235 divide 2309500831?
False
Does 265 divide 4866460?
True
Is 9665 a factor of 1983422305?
True
Is 1728028333 a multiple of 861?
False
Does 149 divide 189893944?
True
Does 480 divide 6345600?
True
Is 84077634 a multiple of 264?
False
Does 791 divide 2882317781?
True
Is 21898701 a multiple of 33?
True
Is 380429073 a multiple of 227?
True
Does 108 divide 177959245?
False
Is 170 a factor of 592808901?
Fa